{"id":13,"date":"2022-09-21T14:38:55","date_gmt":"2022-09-21T12:38:55","guid":{"rendered":"https:\/\/www.ggskoen.de\/?page_id=13"},"modified":"2025-09-13T13:57:28","modified_gmt":"2025-09-13T11:57:28","slug":"__trashed","status":"publish","type":"page","link":"https:\/\/www.ggskoen.de\/index.php\/__trashed\/","title":{"rendered":"Das sind wir"},"content":{"rendered":"\n<div class=\"wp-block-columns is-layout-flex wp-container-core-columns-is-layout-9d6595d7 wp-block-columns-is-layout-flex\">\n<div class=\"wp-block-column is-layout-flow wp-block-column-is-layout-flow\">\n<div class=\"wp-block-columns is-layout-flex wp-container-core-columns-is-layout-9d6595d7 wp-block-columns-is-layout-flex\">\n<div class=\"wp-block-column is-layout-flow wp-block-column-is-layout-flow\" style=\"flex-basis:33.33%\">\n<figure class=\"wp-block-image size-full is-resized\"><img fetchpriority=\"high\" decoding=\"async\" width=\"365\" height=\"371\" src=\"https:\/\/www.ggskoen.de\/wp-content\/uploads\/2022\/09\/Haendekreis.png\" alt=\"\" class=\"wp-image-95\" style=\"width:157px;height:159px\" srcset=\"https:\/\/www.ggskoen.de\/wp-content\/uploads\/2022\/09\/Haendekreis.png 365w, https:\/\/www.ggskoen.de\/wp-content\/uploads\/2022\/09\/Haendekreis-295x300.png 295w\" sizes=\"(max-width: 365px) 100vw, 365px\" \/><\/figure>\n<\/div>\n\n\n\n<div class=\"wp-block-column is-layout-flow wp-block-column-is-layout-flow\" style=\"flex-basis:66.66%\">\n<h2 class=\"wp-block-heading\">Unser Schulmotto<\/h2>\n\n\n\n<p>Durch offenen respektvollen Umgang<\/p>\n\n\n\n<p>gestalten wir ein friedliches Miteinander<\/p>\n<\/div>\n<\/div>\n<\/div>\n<\/div>\n\n\n\n<figure class=\"wp-block-image size-full\"><img decoding=\"async\" width=\"610\" height=\"360\" src=\"https:\/\/www.ggskoen.de\/wp-content\/uploads\/2022\/09\/IMG_8568.jpg\" alt=\"GGS Bild mit Kindern im Pausenhof\" class=\"wp-image-96\" srcset=\"https:\/\/www.ggskoen.de\/wp-content\/uploads\/2022\/09\/IMG_8568.jpg 610w, https:\/\/www.ggskoen.de\/wp-content\/uploads\/2022\/09\/IMG_8568-300x177.jpg 300w\" sizes=\"(max-width: 610px) 100vw, 610px\" \/><figcaption class=\"wp-element-caption\">Unsere Sch\u00fclerinnen und Sch\u00fcler<\/figcaption><\/figure>\n\n\n\n<div style=\"height:100px\" aria-hidden=\"true\" class=\"wp-block-spacer\"><\/div>\n\n\n\n<div class=\"wp-block-columns is-layout-flex wp-container-core-columns-is-layout-9d6595d7 wp-block-columns-is-layout-flex\">\n<div class=\"wp-block-column is-layout-flow wp-block-column-is-layout-flow\">\n<p><strong>Heike Wagener<\/strong><\/p>\n\n\n\n<p>Rektorin<br><br><br><\/p>\n<\/div>\n\n\n\n<div class=\"wp-block-column is-layout-flow wp-block-column-is-layout-flow\"><\/div>\n\n\n\n<div class=\"wp-block-column is-layout-flow wp-block-column-is-layout-flow\"><\/div>\n<\/div>\n\n\n\n<div class=\"wp-block-columns is-layout-flex wp-container-core-columns-is-layout-9d6595d7 wp-block-columns-is-layout-flex\">\n<div class=\"wp-block-column is-layout-flow wp-block-column-is-layout-flow\">\n<div class=\"wp-block-media-text alignwide is-stacked-on-mobile is-image-fill-element\" style=\"grid-template-columns:47% auto\"><figure class=\"wp-block-media-text__media\"><img decoding=\"async\" width=\"601\" height=\"824\" src=\"https:\/\/www.ggskoen.de\/wp-content\/uploads\/2022\/09\/IMG_4188-2.jpeg\" alt=\"\" class=\"wp-image-299 size-full\" style=\"object-position:52% 23%\" srcset=\"https:\/\/www.ggskoen.de\/wp-content\/uploads\/2022\/09\/IMG_4188-2.jpeg 601w, https:\/\/www.ggskoen.de\/wp-content\/uploads\/2022\/09\/IMG_4188-2-219x300.jpeg 219w\" sizes=\"(max-width: 601px) 100vw, 601px\" \/><\/figure><div class=\"wp-block-media-text__content\">\n<p class=\"has-medium-font-size\"><strong>Irina N\u00e4tscher<\/strong><\/p>\n\n\n\n<p class=\"has-small-font-size\">stellvertretende Schulleitung<\/p>\n<\/div><\/div>\n<\/div>\n\n\n\n<div class=\"wp-block-column is-layout-flow wp-block-column-is-layout-flow\"><\/div>\n<\/div>\n\n\n\n<div class=\"wp-block-columns is-layout-flex wp-container-core-columns-is-layout-9d6595d7 wp-block-columns-is-layout-flex\">\n<div class=\"wp-block-column is-layout-flow wp-block-column-is-layout-flow\">\n<div class=\"wp-block-media-text alignwide is-stacked-on-mobile is-image-fill-element\" style=\"grid-template-columns:47% auto\"><figure class=\"wp-block-media-text__media\"><img loading=\"lazy\" decoding=\"async\" width=\"139\" height=\"209\" src=\"https:\/\/www.ggskoen.de\/wp-content\/uploads\/2022\/09\/IMG_8579-e1663914890554.jpg\" alt=\"\" class=\"wp-image-296 size-full\" style=\"object-position:52% 14%\"\/><\/figure><div class=\"wp-block-media-text__content\">\n<p class=\"has-medium-font-size\"><strong>Maritta K\u00f6hler<\/strong><\/p>\n\n\n\n<p class=\"has-small-font-size\">Sekret\u00e4rin<\/p>\n<\/div><\/div>\n<\/div>\n\n\n\n<div class=\"wp-block-column is-layout-flow wp-block-column-is-layout-flow\">\n<div class=\"wp-block-media-text alignwide is-stacked-on-mobile is-image-fill-element\" style=\"grid-template-columns:47% auto\"><figure class=\"wp-block-media-text__media\"><img loading=\"lazy\" decoding=\"async\" width=\"746\" height=\"1024\" src=\"https:\/\/www.ggskoen.de\/wp-content\/uploads\/2022\/09\/234385-746x1024.jpg\" alt=\"\" class=\"wp-image-293 size-full\" style=\"object-position:48% 2%\"\/><\/figure><div class=\"wp-block-media-text__content\">\n<p class=\"has-medium-font-size\"><strong>Bernhard Zeitz<\/strong><\/p>\n\n\n\n<p class=\"has-small-font-size\">Hausmeister<\/p>\n<\/div><\/div>\n<\/div>\n<\/div>\n\n\n\n<div style=\"height:100px\" aria-hidden=\"true\" class=\"wp-block-spacer\"><\/div>\n\n\n\n<h2 class=\"wp-block-heading\">Berufsfachkr\u00e4fte<\/h2>\n\n\n\n<div class=\"wp-block-columns is-layout-flex wp-container-core-columns-is-layout-9d6595d7 wp-block-columns-is-layout-flex\">\n<div class=\"wp-block-column is-layout-flow wp-block-column-is-layout-flow\">\n<figure class=\"wp-block-table is-style-regular\"><table><tbody><tr><td><strong>Steffen W\u00fcst<\/strong><\/td><\/tr><tr><td>Schulpsychologe<\/td><\/tr><tr><td>Telefonsprechstunde: Montag 8:30 &#8211; 9:30 Uhr<\/td><\/tr><tr><td>Tel: 09771 &#8211; 94637<\/td><\/tr><tr><td>E-Mail: &#115;&#x74;&#101;&#x66;f&#x65;n&#46;&#x77;&#117;&#x65;s&#x74;&#64;&#114;&#x68;&#111;&#x65;n&#x2d;g&#114;&#x61;&#98;&#x66;e&#x6c;d&#46;&#x64;&#101;<\/td><\/tr><\/tbody><\/table><\/figure>\n<\/div>\n\n\n\n<div class=\"wp-block-column is-layout-flow wp-block-column-is-layout-flow\">\n<figure class=\"wp-block-table\"><table><tbody><tr><td><strong>Christina Ernst<\/strong><\/td><\/tr><tr><td>Beratungslehrkraft<\/td><\/tr><tr><td>Sprechstunde Dienstag nach Vereinbarung<\/td><\/tr><tr><td>Tel: 09761 &#8211; 397970<\/td><\/tr><tr><td>&#99;&#x65;r&#x6e;s&#116;&#x40;&#103;&#x67;s&#107;&#x6f;&#101;&#x6e;&#46;&#x64;&#x65;<\/td><\/tr><\/tbody><\/table><\/figure>\n<\/div>\n<\/div>\n\n\n\n<div class=\"wp-block-columns is-layout-flex wp-container-core-columns-is-layout-9d6595d7 wp-block-columns-is-layout-flex\">\n<div class=\"wp-block-column is-layout-flow wp-block-column-is-layout-flow\">\n<figure class=\"wp-block-table\"><table><tbody><tr><td><strong>Mobiler Sonderp\u00e4dagogischer Dienst (MSD)<\/strong><\/td><\/tr><tr><td><\/td><\/tr><tr><td>Sprechstunde nach Vereinbarung<\/td><\/tr><tr><td>Tel: 09761 &#8211; 397970<\/td><\/tr><tr><td>E-Mail: <\/td><\/tr><\/tbody><\/table><\/figure>\n<\/div>\n\n\n\n<div class=\"wp-block-column is-layout-flow wp-block-column-is-layout-flow\">\n<figure class=\"wp-block-table\"><table><tbody><tr><td><strong>Eltern-, Jugendlichen, Erziehungsberatung<\/strong><\/td><\/tr><tr><td>Caritasverband Rh\u00f6n-Grabfeld<\/td><\/tr><tr><td>Kellereigasse 12-16<\/td><\/tr><tr><td>97616 Bad Neustadt<\/td><\/tr><tr><td>E-Mail: &#x65;&#114;&#x7a;&#105;e&#x68;&#117;n&#x67;&#115;&#x62;&#x65;r&#x61;&#116;u&#x6e;&#103;&#x40;&#x63;a&#x72;&#105;t&#x61;&#115;-&#x6e;&#101;&#x73;&#46;d&#x65;<\/td><\/tr><\/tbody><\/table><\/figure>\n<\/div>\n<\/div>\n","protected":false},"excerpt":{"rendered":"<p>Unser Schulmotto Durch offenen respektvollen Umgang gestalten wir ein friedliches Miteinander Heike Wagener Rektorin Irina N\u00e4tscher stellvertretende Schulleitung Maritta K\u00f6hler Sekret\u00e4rin Bernhard Zeitz Hausmeister Berufsfachkr\u00e4fte Steffen W\u00fcst Schulpsychologe Telefonsprechstunde: Montag 8:30 &#8211; 9:30 Uhr Tel: 09771 &#8211; 94637 E-Mail: &#115;&#x74;e&#102;&#x66;&#101;&#x6e;&#46;&#119;&#x75;e&#x73;&#x74;&#64;&#x72;h&#111;&#x65;n&#x2d;&#x67;&#114;&#x61;b&#102;&#x65;&#108;&#x64;&#46;&#100;&#x65; Christina Ernst Beratungslehrkraft Sprechstunde Dienstag nach Vereinbarung Tel: 09761 &#8211; 397970 &#x63;&#x65;&#114;ns&#x74;&#x40;&#103;&#103;s&#x6b;&#x6f;&#101;&#110;&#46;&#x64;&#x65; Mobiler Sonderp\u00e4dagogischer Dienst (MSD) Sprechstunde nach Vereinbarung Tel: [&hellip;]<\/p>\n","protected":false},"author":1,"featured_media":0,"parent":0,"menu_order":0,"comment_status":"closed","ping_status":"closed","template":"page-templates\/full-width-container.php","meta":{"footnotes":""},"class_list":["post-13","page","type-page","status-publish","hentry"],"_links":{"self":[{"href":"https:\/\/www.ggskoen.de\/index.php\/wp-json\/wp\/v2\/pages\/13","targetHints":{"allow":["GET"]}}],"collection":[{"href":"https:\/\/www.ggskoen.de\/index.php\/wp-json\/wp\/v2\/pages"}],"about":[{"href":"https:\/\/www.ggskoen.de\/index.php\/wp-json\/wp\/v2\/types\/page"}],"author":[{"embeddable":true,"href":"https:\/\/www.ggskoen.de\/index.php\/wp-json\/wp\/v2\/users\/1"}],"replies":[{"embeddable":true,"href":"https:\/\/www.ggskoen.de\/index.php\/wp-json\/wp\/v2\/comments?post=13"}],"version-history":[{"count":16,"href":"https:\/\/www.ggskoen.de\/index.php\/wp-json\/wp\/v2\/pages\/13\/revisions"}],"predecessor-version":[{"id":958,"href":"https:\/\/www.ggskoen.de\/index.php\/wp-json\/wp\/v2\/pages\/13\/revisions\/958"}],"wp:attachment":[{"href":"https:\/\/www.ggskoen.de\/index.php\/wp-json\/wp\/v2\/media?parent=13"}],"curies":[{"name":"wp","href":"https:\/\/api.w.org\/{rel}","templated":true}]}}

<div class="wp-block-columns is-layout-flex wp-container-core-columns-is-layout-9d6595d7 wp-block-columns-is-layout-flex">
<div class="wp-block-column is-layout-flow wp-block-column-is-layout-flow">
<div class="wp-block-columns is-layout-flex wp-container-core-columns-is-layout-9d6595d7 wp-block-columns-is-layout-flex">
<div class="wp-block-column is-layout-flow wp-block-column-is-layout-flow" style="flex-basis:33.33%">
<figure class="wp-block-image size-full is-resized"><img fetchpriority="high" decoding="async" width="365" height="371" src="https://www.ggskoen.de/wp-content/uploads/2022/09/Haendekreis.png" alt="" class="wp-image-95" style="width:157px;height:159px" srcset="https://www.ggskoen.de/wp-content/uploads/2022/09/Haendekreis.png 365w, https://www.ggskoen.de/wp-content/uploads/2022/09/Haendekreis-295x300.png 295w" sizes="(max-width: 365px) 100vw, 365px" /></figure>
</div>



<div class="wp-block-column is-layout-flow wp-block-column-is-layout-flow" style="flex-basis:66.66%">
<h2 class="wp-block-heading">Unser Schulmotto</h2>



<p>Durch offenen respektvollen Umgang</p>



<p>gestalten wir ein friedliches Miteinander</p>
</div>
</div>
</div>
</div>



<figure class="wp-block-image size-full"><img decoding="async" width="610" height="360" src="https://www.ggskoen.de/wp-content/uploads/2022/09/IMG_8568.jpg" alt="GGS Bild mit Kindern im Pausenhof" class="wp-image-96" srcset="https://www.ggskoen.de/wp-content/uploads/2022/09/IMG_8568.jpg 610w, https://www.ggskoen.de/wp-content/uploads/2022/09/IMG_8568-300x177.jpg 300w" sizes="(max-width: 610px) 100vw, 610px" /><figcaption class="wp-element-caption">Unsere Schülerinnen und Schüler</figcaption></figure>



<div style="height:100px" aria-hidden="true" class="wp-block-spacer"></div>



<div class="wp-block-columns is-layout-flex wp-container-core-columns-is-layout-9d6595d7 wp-block-columns-is-layout-flex">
<div class="wp-block-column is-layout-flow wp-block-column-is-layout-flow">
<p><strong>Heike Wagener</strong></p>



<p>Rektorin<br><br><br></p>
</div>



<div class="wp-block-column is-layout-flow wp-block-column-is-layout-flow"></div>



<div class="wp-block-column is-layout-flow wp-block-column-is-layout-flow"></div>
</div>



<div class="wp-block-columns is-layout-flex wp-container-core-columns-is-layout-9d6595d7 wp-block-columns-is-layout-flex">
<div class="wp-block-column is-layout-flow wp-block-column-is-layout-flow">
<div class="wp-block-media-text alignwide is-stacked-on-mobile is-image-fill-element" style="grid-template-columns:47% auto"><figure class="wp-block-media-text__media"><img decoding="async" width="601" height="824" src="https://www.ggskoen.de/wp-content/uploads/2022/09/IMG_4188-2.jpeg" alt="" class="wp-image-299 size-full" style="object-position:52% 23%" srcset="https://www.ggskoen.de/wp-content/uploads/2022/09/IMG_4188-2.jpeg 601w, https://www.ggskoen.de/wp-content/uploads/2022/09/IMG_4188-2-219x300.jpeg 219w" sizes="(max-width: 601px) 100vw, 601px" /></figure><div class="wp-block-media-text__content">
<p class="has-medium-font-size"><strong>Irina Nätscher</strong></p>



<p class="has-small-font-size">stellvertretende Schulleitung</p>
</div></div>
</div>



<div class="wp-block-column is-layout-flow wp-block-column-is-layout-flow"></div>
</div>



<div class="wp-block-columns is-layout-flex wp-container-core-columns-is-layout-9d6595d7 wp-block-columns-is-layout-flex">
<div class="wp-block-column is-layout-flow wp-block-column-is-layout-flow">
<div class="wp-block-media-text alignwide is-stacked-on-mobile is-image-fill-element" style="grid-template-columns:47% auto"><figure class="wp-block-media-text__media"><img loading="lazy" decoding="async" width="139" height="209" src="https://www.ggskoen.de/wp-content/uploads/2022/09/IMG_8579-e1663914890554.jpg" alt="" class="wp-image-296 size-full" style="object-position:52% 14%"/></figure><div class="wp-block-media-text__content">
<p class="has-medium-font-size"><strong>Maritta Köhler</strong></p>



<p class="has-small-font-size">Sekretärin</p>
</div></div>
</div>



<div class="wp-block-column is-layout-flow wp-block-column-is-layout-flow">
<div class="wp-block-media-text alignwide is-stacked-on-mobile is-image-fill-element" style="grid-template-columns:47% auto"><figure class="wp-block-media-text__media"><img loading="lazy" decoding="async" width="746" height="1024" src="https://www.ggskoen.de/wp-content/uploads/2022/09/234385-746x1024.jpg" alt="" class="wp-image-293 size-full" style="object-position:48% 2%"/></figure><div class="wp-block-media-text__content">
<p class="has-medium-font-size"><strong>Bernhard Zeitz</strong></p>



<p class="has-small-font-size">Hausmeister</p>
</div></div>
</div>
</div>



<div style="height:100px" aria-hidden="true" class="wp-block-spacer"></div>



<h2 class="wp-block-heading">Berufsfachkräfte</h2>



<div class="wp-block-columns is-layout-flex wp-container-core-columns-is-layout-9d6595d7 wp-block-columns-is-layout-flex">
<div class="wp-block-column is-layout-flow wp-block-column-is-layout-flow">
<figure class="wp-block-table is-style-regular"><table><tbody><tr><td><strong>Steffen Wüst</strong></td></tr><tr><td>Schulpsychologe</td></tr><tr><td>Telefonsprechstunde: Montag 8:30 &#8211; 9:30 Uhr</td></tr><tr><td>Tel: 09771 &#8211; 94637</td></tr><tr><td>E-Mail: &#115;&#x74;&#101;&#x66;f&#x65;n&#46;&#x77;&#117;&#x65;s&#x74;&#64;&#114;&#x68;&#111;&#x65;n&#x2d;g&#114;&#x61;&#98;&#x66;e&#x6c;d&#46;&#x64;&#101;</td></tr></tbody></table></figure>
</div>



<div class="wp-block-column is-layout-flow wp-block-column-is-layout-flow">
<figure class="wp-block-table"><table><tbody><tr><td><strong>Christina Ernst</strong></td></tr><tr><td>Beratungslehrkraft</td></tr><tr><td>Sprechstunde Dienstag nach Vereinbarung</td></tr><tr><td>Tel: 09761 &#8211; 397970</td></tr><tr><td>&#99;&#x65;r&#x6e;s&#116;&#x40;&#103;&#x67;s&#107;&#x6f;&#101;&#x6e;&#46;&#x64;&#x65;</td></tr></tbody></table></figure>
</div>
</div>



<div class="wp-block-columns is-layout-flex wp-container-core-columns-is-layout-9d6595d7 wp-block-columns-is-layout-flex">
<div class="wp-block-column is-layout-flow wp-block-column-is-layout-flow">
<figure class="wp-block-table"><table><tbody><tr><td><strong>Mobiler Sonderpädagogischer Dienst (MSD)</strong></td></tr><tr><td></td></tr><tr><td>Sprechstunde nach Vereinbarung</td></tr><tr><td>Tel: 09761 &#8211; 397970</td></tr><tr><td>E-Mail: </td></tr></tbody></table></figure>
</div>



<div class="wp-block-column is-layout-flow wp-block-column-is-layout-flow">
<figure class="wp-block-table"><table><tbody><tr><td><strong>Eltern-, Jugendlichen, Erziehungsberatung</strong></td></tr><tr><td>Caritasverband Rhön-Grabfeld</td></tr><tr><td>Kellereigasse 12-16</td></tr><tr><td>97616 Bad Neustadt</td></tr><tr><td>E-Mail: &#x65;&#114;&#x7a;&#105;e&#x68;&#117;n&#x67;&#115;&#x62;&#x65;r&#x61;&#116;u&#x6e;&#103;&#x40;&#x63;a&#x72;&#105;t&#x61;&#115;-&#x6e;&#101;&#x73;&#46;d&#x65;</td></tr></tbody></table></figure>
</div>
</div>

<p>Unser Schulmotto Durch offenen respektvollen Umgang gestalten wir ein friedliches Miteinander Heike Wagener Rektorin Irina Nätscher stellvertretende Schulleitung Maritta Köhler Sekretärin Bernhard Zeitz Hausmeister Berufsfachkräfte Steffen Wüst Schulpsychologe Telefonsprechstunde: Montag 8:30 &#8211; 9:30 Uhr Tel: 09771 &#8211; 94637 E-Mail: &#115;&#x74;e&#102;&#x66;&#101;&#x6e;&#46;&#119;&#x75;e&#x73;&#x74;&#64;&#x72;h&#111;&#x65;n&#x2d;&#x67;&#114;&#x61;b&#102;&#x65;&#108;&#x64;&#46;&#100;&#x65; Christina Ernst Beratungslehrkraft Sprechstunde Dienstag nach Vereinbarung Tel: 09761 &#8211; 397970 &#x63;&#x65;&#114;ns&#x74;&#x40;&#103;&#103;s&#x6b;&#x6f;&#101;&#110;&#46;&#x64;&#x65; Mobiler Sonderpädagogischer Dienst (MSD) Sprechstunde nach Vereinbarung Tel: [&hellip;]</p>
