{"id":18,"date":"2022-09-21T12:12:39","date_gmt":"2022-09-21T10:12:39","guid":{"rendered":"https:\/\/www.ggskoen.de\/?page_id=18"},"modified":"2022-09-23T09:51:47","modified_gmt":"2022-09-23T07:51:47","slug":"wenn-ihr-kind-einmal-krank-ist","status":"publish","type":"page","link":"https:\/\/www.ggskoen.de\/index.php\/wenn-ihr-kind-einmal-krank-ist\/","title":{"rendered":"Wenn Ihr Kind einmal krank ist"},"content":{"rendered":"\n<h2 class=\"wp-block-heading\">Wenn Ihr Kind einmal krank ist<a href=\"http:\/\/work.ggskoen.de\/index.php\/de\/component\/mailto\/?tmpl=component&amp;template=cloudbase3&amp;link=29590985137716ff0548664a9f34a92e037b878a\"><\/a><\/h2>\n\n\n\n<h4 class=\"wp-block-heading\">Das Wohl Ihres Kindes liegt uns genauso am Herzen wie Ihnen. Damit immer klar ist, wo sich Ihr Kind gerade befindet und keine Informationsl\u00fccken entstehen, bitte ich Sie, folgende&nbsp;<strong>Regelung&nbsp;<\/strong>zu beachten:<\/h4>\n\n\n\n<h4 class=\"wp-block-heading\">&nbsp;<\/h4>\n\n\n\n<ul class=\"wp-block-list\"><li>Benachrichtigen Sie die Schule bitte&nbsp;<strong>telefonisch<\/strong>&nbsp;vor&nbsp;<strong>8 Uhr<\/strong>. Sprechen Sie bitte auf den Anrufbeantworter, wenn Sie niemand pers\u00f6nlich erreichen. (Eine schriftliche Entschuldigung kann auch einem zuverl\u00e4ssigen Mitsch\u00fcler mitgegeben werden.)<\/li><li><strong>Arzttermine<\/strong>&nbsp;sind grunds\u00e4tzlich auf die unterrichtsfreie Zeit zu legen, eine Befreiung vom Unterricht ist&nbsp;<strong>nur in speziellen Ausnahmef\u00e4llen<\/strong>&nbsp;m\u00f6glich und im Vorfeld durch die Eltern schriftlich zu beantragen.<\/li><li>Achten Sie hier auch auf den Infektionsschutz. Wenn Ihr Kind eine ansteckende Krankheit hat, informieren Sie uns bitte telefonisch. Lassen Sie Ihr Kind zuhause, bis keine Ansteckungsgefahr mehr besteht.<\/li><\/ul>\n\n\n\n<h4 class=\"wp-block-heading\">&nbsp;<\/h4>\n\n\n\n<h4 class=\"wp-block-heading\">Gerne sorgen wir so weit wie m\u00f6glich daf\u00fcr, dass Ihr Kind \u00fcber ein Nachbarskind mit Hausaufgaben und Unterrichtsstoff versorgt wird. Es muss sich aber stets ein Kind finden, welches diese Aufgabe \u00fcbernimmt. Wir k\u00f6nnen hier niemanden verpflichten.<\/h4>\n\n\n\n<h4 class=\"wp-block-heading\">Die Nacharbeit muss nicht w\u00e4hrend der Krankheitszeit erfolgen. Es reicht aus, wenn dies zeitnah nach der Genesung geschieht.<\/h4>\n","protected":false},"excerpt":{"rendered":"<p>Wenn Ihr Kind einmal krank ist Das Wohl Ihres Kindes liegt uns genauso am Herzen wie Ihnen. Damit immer klar ist, wo sich Ihr Kind gerade befindet und keine Informationsl\u00fccken entstehen, bitte ich Sie, folgende&nbsp;Regelung&nbsp;zu beachten: &nbsp; Benachrichtigen Sie die Schule bitte&nbsp;telefonisch&nbsp;vor&nbsp;8 Uhr. Sprechen Sie bitte auf den Anrufbeantworter, wenn Sie niemand pers\u00f6nlich erreichen. (Eine schriftliche Entschuldigung kann auch einem [&hellip;]<\/p>\n","protected":false},"author":1,"featured_media":0,"parent":0,"menu_order":0,"comment_status":"closed","ping_status":"closed","template":"page-templates\/full-width-container.php","meta":{"footnotes":""},"class_list":["post-18","page","type-page","status-publish","hentry"],"_links":{"self":[{"href":"https:\/\/www.ggskoen.de\/index.php\/wp-json\/wp\/v2\/pages\/18","targetHints":{"allow":["GET"]}}],"collection":[{"href":"https:\/\/www.ggskoen.de\/index.php\/wp-json\/wp\/v2\/pages"}],"about":[{"href":"https:\/\/www.ggskoen.de\/index.php\/wp-json\/wp\/v2\/types\/page"}],"author":[{"embeddable":true,"href":"https:\/\/www.ggskoen.de\/index.php\/wp-json\/wp\/v2\/users\/1"}],"replies":[{"embeddable":true,"href":"https:\/\/www.ggskoen.de\/index.php\/wp-json\/wp\/v2\/comments?post=18"}],"version-history":[{"count":3,"href":"https:\/\/www.ggskoen.de\/index.php\/wp-json\/wp\/v2\/pages\/18\/revisions"}],"predecessor-version":[{"id":315,"href":"https:\/\/www.ggskoen.de\/index.php\/wp-json\/wp\/v2\/pages\/18\/revisions\/315"}],"wp:attachment":[{"href":"https:\/\/www.ggskoen.de\/index.php\/wp-json\/wp\/v2\/media?parent=18"}],"curies":[{"name":"wp","href":"https:\/\/api.w.org\/{rel}","templated":true}]}}